f 759651?
1
What is the tens digit of 9178901?
0
What is the thousands digit of 10504?
0
What is the ten thousands digit of 11372122?
7
What is the hundreds digit of 887257?
2
What is the hundreds digit of 282095?
0
What is the hundreds digit of 688938?
9
What is the hundred thousands digit of 1004196?
0
What is the units digit of 169886?
6
What is the thousands digit of 1425017?
5
What is the units digit of 5667495?
5
What is the thousands digit of 88347?
8
What is the units digit of 10807677?
7
What is the thousands digit of 285863?
5
What is the hundreds digit of 2579915?
9
What is the thousands digit of 7997680?
7
What is the hundreds digit of 88262?
2
What is the tens digit of 663769?
6
What is the tens digit of 808421?
2
What is the hundred thousands digit of 911336?
9
What is the ten thousands digit of 1778273?
7
What is the hundreds digit of 376001?
0
What is the hundreds digit of 4444503?
5
What is the tens digit of 174778?
7
What is the hundreds digit of 72813?
8
What is the thousands digit of 338786?
8
What is the tens digit of 712401?
0
What is the tens digit of 356419?
1
What is the ten thousands digit of 35785889?
8
What is the units digit of 35127686?
6
What is the units digit of 2247710?
0
What is the ten thousands digit of 1941591?
4
What is the hundred thousands digit of 3468456?
4
What is the hundred thousands digit of 197372?
1
What is the tens digit of 118948?
4
What is the tens digit of 48426?
2
What is the hundreds digit of 15487?
4
What is the tens digit of 2183834?
3
What is the units digit of 3746236?
6
What is the millions digit of 7868209?
7
What is the hundreds digit of 237042?
0
What is the hundreds digit of 4849522?
5
What is the millions digit of 3274534?
3
What is the thousands digit of 11020919?
0
What is the hundreds digit of 1675983?
9
What is the hundreds digit of 2177110?
1
What is the tens digit of 424763?
6
What is the units digit of 14715324?
4
What is the thousands digit of 129053?
9
What is the units digit of 544342?
2
What is the units digit of 9372844?
4
What is the hundreds digit of 141707?
7
What is the units digit of 35820999?
9
What is the units digit of 22950132?
2
What is the millions digit of 2521215?
2
What is the hundred thousands digit of 157426?
1
What is the ten thousands digit of 250132?
5
What is the ten thousands digit of 13707381?
0
What is the thousands digit of 1737270?
7
What is the units digit of 252197?
7
What is the hundreds digit of 4153224?
2
What is the thousands digit of 3831161?
1
What is the hundreds digit of 139227?
2
What is the millions digit of 1536242?
1
What is the tens digit of 3755?
5
What is the units digit of 1836793?
3
What is the tens digit of 62746?
4
What is the thousands digit of 28827?
8
What is the hundred thousands digit of 193800?
1
What is the thousands digit of 201014?
1
What is the hundreds digit of 21741564?
5
What is the millions digit of 1478974?
1
What is the ten thousands digit of 36239?
3
What is the millions digit of 3723206?
3
What is the units digit of 50350?
0
What is the thousands digit of 153409?
3
What is the tens digit of 896356?
5
What is the ten thousands digit of 4336445?
3
What is the millions digit of 1964292?
1
What is the hundreds digit of 16815464?
4
What is the thousands digit of 15102307?
2
What is the ten thousands digit of 14930664?
3
What is the thousands digit of 19295010?
5
What is the hundred thousands digit of 1746017?
7
What is the hundred thousands digit of 747867?
7
What is the ten thousands digit of 7074780?
7
What is the hundred thousands digit of 795501?
7
What is the hundreds digit of 5525518?
5
What is the thousands digit of 685311?
5
What is the hundreds digit of 456688?
6
What is the tens digit of 992348?
4
What is the units digit of 7646207?
7
What is the ten millions digit of 10292477?
1
What is the ten thousands digit of 2130579?
3
What is the hundreds digit of 3459399?
3
What is the thousands digit of 294534?
4
What is the ten thousands digit of 271663?
7
What is the hundreds digit of 18823873?
8
What is the thousands digit of 3198217?
8
What is the hundred thousands digit of 31004269?
0
What is the hundreds digit of 87173?
1
What is the hundred thousands digit of 4480844?
4
What is the ten thousands digit of 2237572?
3
What is the thousands digit of 765549?
5
What is the hundred thousands digit of 3054251?
0
What is the thousands digit of 892364?
2
What is the units digit of 793738?
8
What is the hundred thousands digit of 544962?
5
What is the tens digit of 16425?
2
What is the units digit of 13173208?
8
What is the thousands digit of 547073?
7
What is the tens digit of 121517?
1
What is the units digit of 227331?
1
What is the hundred thousands digit of 2455223?
4
What is the hundreds digit of 5612886?
8
What is the hundred thousands digit of 5486046?
4
What is the millions digit of 4517754?
4
What is the units digit of 5707972?
2
What is the hundreds digit of 161147?
1
What is the thousands digit of 332271?
2
What is the tens digit of 1519373?
7
What is the units digit of 803012?
2
What is the thousands digit of 7020853?
0
What is the ten thousands digit of 1159336?
5
What is the thousands digit of 1656214?
6
What is the ten thousands digit of 559689?
5
What is the hundreds digit of 14593009?
0
What is the ten thousands digit of 5011702?
1
What is the millions digit of 9270087?
9
What is the ten thousands digit of 185987?
8
What is the units digit of 641632?
2
What is the thousands digit of 3232403?
2
What is the hundreds digit of 1772387?
3
What is the hundreds digit of 1163757?
7
What is the ten thousands digit of 771986?
7
What is the tens digit of 1809153?
5
What is the ten thousands digit of 83180?
8
What is the hundreds digit of 638026?
0
What is the thousands digit of 7903821?
3
What is the hundreds digit of 27688289?
2
What is the tens digit of 654007?
0
What is the units digit of 311415?
5
What is the tens digit of 8286835?
3
What is the units digit of 238889?
9
What is the hundreds digit of 67272?
2
What is the hundred thousands digit of 43599889?
5
What is the hundreds digit of 158320?
3
What is the ten thousands digit of 726886?
2
What is the thousands digit of 4495007?
5
What is the millions digit of 6615862?
6
What is the hundreds digit of 20557472?
4
What is the hundreds digit of 77254?
2
What is the units digit of 633249?
9
What is the tens digit of 13204292?
9
What is the hundreds digit of 2425011?
0
What is the millions digit of 2075452?
2
What is the ten thousands digit of 8304914?
0
What is the millions digit of 1297755?
1
What is the ten thousands digit of 4869181?
6
What is the millions digit of 14793004?
4
What is the thousands digit of 1321639?
1
What is the millions digit of 7030250?
7
What is the ten thousands digit of 686296?
8
What is the hundred thousands digit of 1504397?
5
What is the thousands digit of 430453?
0
What is the ten thousands digit of 2264125?
6
What is the tens digit of 763263?
6
What is the hundreds digit of 3323852?
8
What is the thousands digit of 127535?
7
What is the thousands digit of 5271971?
1
What is the ten thousands digit of 1759411?
5
What is the units digit of 954667?
7
What is the hundreds digit of 243135?
1
What is the ten thousands digit of 2771689?
7
What is the thousands digit of 516010?
6
What is the hundred thousands digit of 504421?
5
What is the thousands digit of 6747277?
7
What is the units digit of 532536?
6
What is the tens digit of 1695177?
7
What is the units digit of 3020222?
2
What is the ten thousands digit of 4720038?
2
What is the units digit of 2649747?
7
What is the millions digit of 7727730?
7
What is the hundred thousands digit of 505579?
5
What is the tens digit of 698098?
9
What is the hundred thousands digit of 4233703?
2
What is the hundred thousands digit of 1187132?
1
What is the ten thousands digit of 394492?
9
What is the tens digit of 83196?
9
What is the tens digit of 131995?
9
What is the hundreds digit of 18467587?
5
What is the hundred thousands digit of 1018614?
0
What is the hundred thousands digit of 2429838?
4
What is the thousands digit of 4243516?
3
What is the hundred thousands digit of 825197?
8
What is the units digit of 335582?
2
What is the units digit of 1033277?
7
What is the units digit of 